{"id":4439,"date":"2026-04-13T11:56:53","date_gmt":"2026-04-13T09:56:53","guid":{"rendered":"https:\/\/demo2.egm.at\/www.thelivingcore-original.com\/ueber-uns\/"},"modified":"2026-04-13T11:56:53","modified_gmt":"2026-04-13T09:56:53","slug":"ueber-uns","status":"publish","type":"page","link":"https:\/\/demo2.egm.at\/www.thelivingcore-original.com\/ueber-uns\/","title":{"rendered":"\u00dcber uns \u2014 Wer wir sind"},"content":{"rendered":"<div class=\"page-hero-content reveal\">\n<p class=\"page-hero-label\">\u00dcber uns<\/p>\n<h1 id=\"page-h\">Wir entwickeln lebendige und <em>zukunftsf\u00e4hige<\/em> Organisationen<\/h1>\n<p class=\"page-hero-intro\">Als Wissens- und Innovationsarchitekten steht f\u00fcr uns die Lebendigkeit von Organisationen und der Menschen, die in diesen arbeiten, im Vordergrund.<\/p>\n<\/div>\n<div class=\"prose reveal\">\n<h2 id=\"mission-h\">Was uns antreibt<\/h2>\n<p>Lebendigsein bedeutet sowohl f\u00fcr uns Menschen als auch f\u00fcr Organisationen \u201eauthentisch mitten im Leben&#8220; zu stehen und in unserer Umwelt sinnstiftend zu wirken. Orientierung, das Hervorbringen neuer Bedeutung und Purpose sind angesichts einer Welt, die durch <abbr title=\"Volatilit\u00e4t, Unsicherheit, Komplexit\u00e4t, Ambiguit\u00e4t\">VUCA<\/abbr> gepr\u00e4gt ist, von zentraler Bedeutung.<\/p>\n<p>Bei theLivingCore folgen wir dem Prinzip <strong>lebender Systeme<\/strong>. Lebende Systeme begegnen diesen Herausforderungen, indem sie eine gute Balance zwischen Stabilit\u00e4t und Erneuerung finden. Damit wenden wir die Herausforderungen einer VUCA-Welt und der Digitalisierung ins Positive.<\/p>\n<p>Unser Ansatz des <strong>\u201eLernens aus der Zukunft&#8220;<\/strong> erm\u00f6glicht es uns, Organisationen aus ihrem lebendigen Kern heraus in ihre Zukunft zu begleiten und zu transformieren. Wir kreieren Umfelder, die die Wahrscheinlichkeit dramatisch erh\u00f6hen, dass etwas Neues entstehen kann.<\/p>\n<h2>Was wir tun<\/h2>\n<p>Wir begleiten Organisationen durch vier ineinandergreifende Bereiche: <a href=\"\/innovation\/\">Innovation<\/a> mit der <dfn>leap\u2122-Innovationstechnologie<\/dfn>, <a href=\"\/transformation\/\">Transformation<\/a> mit <dfn>Future Identity<\/dfn>, <a href=\"\/leadership\/\">Leadership-Entwicklung<\/a> f\u00fcr zukunftsorientierte F\u00fchrungskr\u00e4fte und die Gestaltung von <a href=\"\/spaces\/\">Innovationsr\u00e4umen<\/a>.<\/p>\n<p>Jede Zusammenarbeit beginnt mit vorbehaltloser Offenheit gegen\u00fcber der Realit\u00e4t einer Organisation. Wir sehen uns die Situation ohne \u00c4ngste und Voreingenommenheit an und entwickeln von hier aus wirksame Strategien.<\/p>\n<\/div>\n<div class=\"sec-inner reveal\">\n<p class=\"sec-label reveal\">Unser Team<\/p>\n<h2 class=\"sec-title reveal\" id=\"team-h\">Menschen mit <em>Leidenschaft<\/em><\/h2>\n<p class=\"sec-intro reveal\">Wir sind engagierte Menschen mit sehr unterschiedlichen Hintergr\u00fcnden. Gemeinsam mit unseren Kunden gestalten wir w\u00fcnschenswerte Zuk\u00fcnfte.<\/p>\n<div class=\"team-grid\">\n<div class=\"tm reveal\" itemscope=\"\" itemtype=\"https:\/\/schema.org\/Person\">\n<img alt=\"Thomas Fundneider\" class=\"tm-photo\" decoding=\"async\" height=\"56\" itemprop=\"image\" loading=\"lazy\" sizes=\"auto, (max-width:720px) 100vw, 720px\" src=\"team-thomas-fundneider.jpg\" srcset=\"team-thomas-fundneider-768x512.jpg 768w, team-thomas-fundneider-1024x683.jpg 1024w, team-thomas-fundneider.jpg 1920w\" width=\"56\"\/><\/p>\n<div>\n<h3 itemprop=\"name\">Thomas Fundneider<\/h3>\n<p class=\"role\" itemprop=\"jobTitle\">Founder &amp; CEO<\/p>\n<p class=\"bio\" itemprop=\"description\">Wissens- und Innovationsarchitekt mit \u00fcber 20 Jahren Erfahrung an der Schnittstelle von Wirtschaft, Design und Wissenschaft.<\/p>\n<\/div>\n<\/div>\n<div class=\"tm reveal\" itemscope=\"\" itemtype=\"https:\/\/schema.org\/Person\">\n<img alt=\"Markus F. Peschl\" class=\"tm-photo\" decoding=\"async\" height=\"56\" itemprop=\"image\" loading=\"lazy\" sizes=\"auto, (max-width:720px) 100vw, 720px\" src=\"team-markus-peschl.jpg\" srcset=\"team-markus-peschl-768x512.jpg 768w, team-markus-peschl-1024x683.jpg 1024w, team-markus-peschl.jpg 1920w\" width=\"56\"\/><\/p>\n<div>\n<h3 itemprop=\"name\">Markus F. Peschl<\/h3>\n<p class=\"role\" itemprop=\"jobTitle\">Founder &amp; Chief Science Officer<\/p>\n<p class=\"bio\" itemprop=\"description\">Professor f\u00fcr Kognitionswissenschaft und Innovationsforschung an der Universit\u00e4t Wien.<\/p>\n<\/div>\n<\/div>\n<div class=\"tm reveal\" itemscope=\"\" itemtype=\"https:\/\/schema.org\/Person\">\n<img alt=\"Oliver Lukitsch\" class=\"tm-photo\" decoding=\"async\" height=\"56\" itemprop=\"image\" loading=\"lazy\" sizes=\"auto, (max-width:720px) 100vw, 720px\" src=\"team-oliver-lukitsch.jpg\" srcset=\"team-oliver-lukitsch-768x512.jpg 768w, team-oliver-lukitsch-1024x683.jpg 1024w, team-oliver-lukitsch.jpg 1920w\" width=\"56\"\/><\/p>\n<div>\n<h3 itemprop=\"name\">Oliver Lukitsch<\/h3>\n<p class=\"role\" itemprop=\"jobTitle\">Agency Catalyst<\/p>\n<p class=\"bio\" itemprop=\"description\">Stratege und Autor, der die Verbindung zwischen Wissenschaft, Philosophie und Praxis herstellt.<\/p>\n<\/div>\n<\/div>\n<div class=\"tm reveal\" itemscope=\"\" itemtype=\"https:\/\/schema.org\/Person\">\n<img alt=\"Tim Bendig\" class=\"tm-photo\" decoding=\"async\" height=\"56\" itemprop=\"image\" loading=\"lazy\" sizes=\"auto, (max-width:720px) 100vw, 720px\" src=\"team-tim-bendig.jpg\" srcset=\"team-tim-bendig-768x512.jpg 768w, team-tim-bendig-1024x683.jpg 1024w, team-tim-bendig.jpg 1920w\" width=\"56\"\/><\/p>\n<div>\n<h3 itemprop=\"name\">Tim Bendig<\/h3>\n<p class=\"role\" itemprop=\"jobTitle\">CEO theLivingCore in Germany<\/p>\n<p class=\"bio\" itemprop=\"description\">Leitet den deutschen Standort in Springe und verantwortet die Expansion im norddeutschen Raum.<\/p>\n<\/div>\n<\/div>\n<div class=\"tm reveal\" itemscope=\"\" itemtype=\"https:\/\/schema.org\/Person\">\n<img alt=\"Isabel Kreitner\" class=\"tm-photo\" decoding=\"async\" height=\"56\" itemprop=\"image\" loading=\"lazy\" sizes=\"auto, (max-width:720px) 100vw, 720px\" src=\"team-isabel-kreitner.jpg\" srcset=\"team-isabel-kreitner-768x512.jpg 768w, team-isabel-kreitner-1024x683.jpg 1024w, team-isabel-kreitner.jpg 1920w\" width=\"56\"\/><\/p>\n<div>\n<h3 itemprop=\"name\">Isabel Kreitner<\/h3>\n<p class=\"role\" itemprop=\"jobTitle\">Chief Design &amp; Manufacturing Officer<\/p>\n<p class=\"bio\" itemprop=\"description\">Gestaltet die visuellen und r\u00e4umlichen Dimensionen unserer Transformationsprozesse.<\/p>\n<\/div>\n<\/div>\n<div class=\"tm reveal\" itemscope=\"\" itemtype=\"https:\/\/schema.org\/Person\">\n<img alt=\"Lena M\u00fcller-Naendrup\" class=\"tm-photo\" decoding=\"async\" height=\"56\" itemprop=\"image\" loading=\"lazy\" sizes=\"auto, (max-width:720px) 100vw, 720px\" src=\"team-lena-mueller-naendrup.jpg\" srcset=\"team-lena-mueller-naendrup-768x512.jpg 768w, team-lena-mueller-naendrup-1024x683.jpg 1024w, team-lena-mueller-naendrup.jpg 1920w\" width=\"56\"\/><\/p>\n<div>\n<h3 itemprop=\"name\">Lena M\u00fcller-Naendrup<\/h3>\n<p class=\"role\" itemprop=\"jobTitle\">Urban Ecosystems Architect<\/p>\n<p class=\"bio\" itemprop=\"description\">Expertin f\u00fcr urbane \u00d6kosysteme und die Gestaltung lebenswerter St\u00e4dte und R\u00e4ume.<\/p>\n<\/div>\n<\/div>\n<\/div>\n<\/div>\n<div class=\"sec-inner reveal\">\n<p class=\"sec-label reveal\">Standorte<\/p>\n<h2 class=\"sec-title reveal\" id=\"standorte-h\">Zwei Standorte, ein <em>Ansatz<\/em><\/h2>\n<div class=\"locations\">\n<div class=\"loc reveal\" itemscope=\"\" itemtype=\"https:\/\/schema.org\/PostalAddress\">\n<img alt=\"Wien \u2014 Standort theLivingCore \u00d6sterreich\" class=\"loc-img\" decoding=\"async\" height=\"180\" loading=\"lazy\" sizes=\"auto, (max-width:720px) 100vw, 720px\" src=\"Wien.jpg\" srcset=\"Wien-768x512.jpg 768w, Wien-1024x683.jpg 1024w, Wien.jpg 1920w\" width=\"600\"\/><\/p>\n<div class=\"loc-body\">\n<h3>\u00d6sterreich<\/h3>\n<p><span itemprop=\"streetAddress\">Lange Gasse 29<\/span><br \/><span itemprop=\"postalCode\">1080<\/span> <span itemprop=\"addressLocality\">Wien<\/span><\/p>\n<\/div>\n<\/div>\n<div class=\"loc reveal\" itemscope=\"\" itemtype=\"https:\/\/schema.org\/PostalAddress\">\n<img alt=\"Springe \u2014 Standort theLivingCore Deutschland\" class=\"loc-img\" decoding=\"async\" height=\"180\" loading=\"lazy\" sizes=\"auto, (max-width:720px) 100vw, 720px\" src=\"Springe.jpg\" srcset=\"Springe-768x512.jpg 768w, Springe-1024x683.jpg 1024w, Springe.jpg 1920w\" width=\"600\"\/><\/p>\n<div class=\"loc-body\">\n<h3>Deutschland<\/h3>\n<p><span itemprop=\"streetAddress\">Harmsm\u00fchlenstra\u00dfe 77<\/span><br \/><span itemprop=\"postalCode\">31832<\/span> <span itemprop=\"addressLocality\">Springe<\/span><\/p>\n<\/div>\n<\/div>\n<\/div>\n<\/div>\n<p><heading>Bereit f\u00fcr Ihre Zukunft?<\/heading><\/p>\n<p>Lassen Sie uns gemeinsam Ihre gew\u00fcnschte Zukunft gestalten.<\/p>\n<div class=\"cta-btns\">\n<a class=\"btn btn-white\" href=\"mailto:welcome@thelivingcore.com\">Gespr\u00e4ch vereinbaren<\/a><br \/>\n<a class=\"btn btn-ghost-w\" href=\"https:\/\/calendly.com\/thelivingcore\/introduction\" rel=\"noopener\" target=\"_blank\">Termin buchen<\/a>\n<\/div>\n","protected":false},"excerpt":{"rendered":"<p>\u00dcber uns Wir entwickeln lebendige und zukunftsf\u00e4hige Organisationen Als Wissens- und Innovationsarchitekten steht f\u00fcr uns die Lebendigkeit von Organisationen und der Menschen, die in diesen arbeiten, im Vordergrund. Was uns antreibt Lebendigsein bedeutet sowohl f\u00fcr uns Menschen als auch f\u00fcr Organisationen \u201eauthentisch mitten im Leben&#8220; zu stehen und in unserer Umwelt sinnstiftend zu wirken. Orientierung, &#8230; <a title=\"\u00dcber uns \u2014 Wer wir sind\" class=\"read-more\" href=\"https:\/\/demo2.egm.at\/www.thelivingcore-original.com\/ueber-uns\/\" aria-label=\"Mehr Informationen \u00fcber \u00dcber uns \u2014 Wer wir sind\">Weiterlesen<\/a><\/p>\n","protected":false},"author":53,"featured_media":0,"parent":0,"menu_order":0,"comment_status":"closed","ping_status":"closed","template":"","meta":{"_acf_changed":false,"footnotes":""},"class_list":["post-4439","page","type-page","status-publish"],"acf":[],"_links":{"self":[{"href":"https:\/\/demo2.egm.at\/www.thelivingcore-original.com\/wp-json\/wp\/v2\/pages\/4439","targetHints":{"allow":["GET"]}}],"collection":[{"href":"https:\/\/demo2.egm.at\/www.thelivingcore-original.com\/wp-json\/wp\/v2\/pages"}],"about":[{"href":"https:\/\/demo2.egm.at\/www.thelivingcore-original.com\/wp-json\/wp\/v2\/types\/page"}],"author":[{"embeddable":true,"href":"https:\/\/demo2.egm.at\/www.thelivingcore-original.com\/wp-json\/wp\/v2\/users\/53"}],"replies":[{"embeddable":true,"href":"https:\/\/demo2.egm.at\/www.thelivingcore-original.com\/wp-json\/wp\/v2\/comments?post=4439"}],"version-history":[{"count":0,"href":"https:\/\/demo2.egm.at\/www.thelivingcore-original.com\/wp-json\/wp\/v2\/pages\/4439\/revisions"}],"wp:attachment":[{"href":"https:\/\/demo2.egm.at\/www.thelivingcore-original.com\/wp-json\/wp\/v2\/media?parent=4439"}],"curies":[{"name":"wp","href":"https:\/\/api.w.org\/{rel}","templated":true}]}}

Über uns — Wer wir sind

<div class="page-hero-content reveal">
<p class="page-hero-label">Über uns</p>
<h1 id="page-h">Wir entwickeln lebendige und <em>zukunftsfähige</em> Organisationen</h1>
<p class="page-hero-intro">Als Wissens- und Innovationsarchitekten steht für uns die Lebendigkeit von Organisationen und der Menschen, die in diesen arbeiten, im Vordergrund.</p>
</div>
<div class="prose reveal">
<h2 id="mission-h">Was uns antreibt</h2>
<p>Lebendigsein bedeutet sowohl für uns Menschen als auch für Organisationen „authentisch mitten im Leben&#8220; zu stehen und in unserer Umwelt sinnstiftend zu wirken. Orientierung, das Hervorbringen neuer Bedeutung und Purpose sind angesichts einer Welt, die durch <abbr title="Volatilität, Unsicherheit, Komplexität, Ambiguität">VUCA</abbr> geprägt ist, von zentraler Bedeutung.</p>
<p>Bei theLivingCore folgen wir dem Prinzip <strong>lebender Systeme</strong>. Lebende Systeme begegnen diesen Herausforderungen, indem sie eine gute Balance zwischen Stabilität und Erneuerung finden. Damit wenden wir die Herausforderungen einer VUCA-Welt und der Digitalisierung ins Positive.</p>
<p>Unser Ansatz des <strong>„Lernens aus der Zukunft&#8220;</strong> ermöglicht es uns, Organisationen aus ihrem lebendigen Kern heraus in ihre Zukunft zu begleiten und zu transformieren. Wir kreieren Umfelder, die die Wahrscheinlichkeit dramatisch erhöhen, dass etwas Neues entstehen kann.</p>
<h2>Was wir tun</h2>
<p>Wir begleiten Organisationen durch vier ineinandergreifende Bereiche: <a href="/innovation/">Innovation</a> mit der <dfn>leap™-Innovationstechnologie</dfn>, <a href="/transformation/">Transformation</a> mit <dfn>Future Identity</dfn>, <a href="/leadership/">Leadership-Entwicklung</a> für zukunftsorientierte Führungskräfte und die Gestaltung von <a href="/spaces/">Innovationsräumen</a>.</p>
<p>Jede Zusammenarbeit beginnt mit vorbehaltloser Offenheit gegenüber der Realität einer Organisation. Wir sehen uns die Situation ohne Ängste und Voreingenommenheit an und entwickeln von hier aus wirksame Strategien.</p>
</div>
<div class="sec-inner reveal">
<p class="sec-label reveal">Unser Team</p>
<h2 class="sec-title reveal" id="team-h">Menschen mit <em>Leidenschaft</em></h2>
<p class="sec-intro reveal">Wir sind engagierte Menschen mit sehr unterschiedlichen Hintergründen. Gemeinsam mit unseren Kunden gestalten wir wünschenswerte Zukünfte.</p>
<div class="team-grid">
<div class="tm reveal" itemscope="" itemtype="https://schema.org/Person">
<img alt="Thomas Fundneider" class="tm-photo" decoding="async" height="56" itemprop="image" loading="lazy" sizes="auto, (max-width:720px) 100vw, 720px" src="team-thomas-fundneider.jpg" srcset="team-thomas-fundneider-768x512.jpg 768w, team-thomas-fundneider-1024x683.jpg 1024w, team-thomas-fundneider.jpg 1920w" width="56"/></p>
<div>
<h3 itemprop="name">Thomas Fundneider</h3>
<p class="role" itemprop="jobTitle">Founder &amp; CEO</p>
<p class="bio" itemprop="description">Wissens- und Innovationsarchitekt mit über 20 Jahren Erfahrung an der Schnittstelle von Wirtschaft, Design und Wissenschaft.</p>
</div>
</div>
<div class="tm reveal" itemscope="" itemtype="https://schema.org/Person">
<img alt="Markus F. Peschl" class="tm-photo" decoding="async" height="56" itemprop="image" loading="lazy" sizes="auto, (max-width:720px) 100vw, 720px" src="team-markus-peschl.jpg" srcset="team-markus-peschl-768x512.jpg 768w, team-markus-peschl-1024x683.jpg 1024w, team-markus-peschl.jpg 1920w" width="56"/></p>
<div>
<h3 itemprop="name">Markus F. Peschl</h3>
<p class="role" itemprop="jobTitle">Founder &amp; Chief Science Officer</p>
<p class="bio" itemprop="description">Professor für Kognitionswissenschaft und Innovationsforschung an der Universität Wien.</p>
</div>
</div>
<div class="tm reveal" itemscope="" itemtype="https://schema.org/Person">
<img alt="Oliver Lukitsch" class="tm-photo" decoding="async" height="56" itemprop="image" loading="lazy" sizes="auto, (max-width:720px) 100vw, 720px" src="team-oliver-lukitsch.jpg" srcset="team-oliver-lukitsch-768x512.jpg 768w, team-oliver-lukitsch-1024x683.jpg 1024w, team-oliver-lukitsch.jpg 1920w" width="56"/></p>
<div>
<h3 itemprop="name">Oliver Lukitsch</h3>
<p class="role" itemprop="jobTitle">Agency Catalyst</p>
<p class="bio" itemprop="description">Stratege und Autor, der die Verbindung zwischen Wissenschaft, Philosophie und Praxis herstellt.</p>
</div>
</div>
<div class="tm reveal" itemscope="" itemtype="https://schema.org/Person">
<img alt="Tim Bendig" class="tm-photo" decoding="async" height="56" itemprop="image" loading="lazy" sizes="auto, (max-width:720px) 100vw, 720px" src="team-tim-bendig.jpg" srcset="team-tim-bendig-768x512.jpg 768w, team-tim-bendig-1024x683.jpg 1024w, team-tim-bendig.jpg 1920w" width="56"/></p>
<div>
<h3 itemprop="name">Tim Bendig</h3>
<p class="role" itemprop="jobTitle">CEO theLivingCore in Germany</p>
<p class="bio" itemprop="description">Leitet den deutschen Standort in Springe und verantwortet die Expansion im norddeutschen Raum.</p>
</div>
</div>
<div class="tm reveal" itemscope="" itemtype="https://schema.org/Person">
<img alt="Isabel Kreitner" class="tm-photo" decoding="async" height="56" itemprop="image" loading="lazy" sizes="auto, (max-width:720px) 100vw, 720px" src="team-isabel-kreitner.jpg" srcset="team-isabel-kreitner-768x512.jpg 768w, team-isabel-kreitner-1024x683.jpg 1024w, team-isabel-kreitner.jpg 1920w" width="56"/></p>
<div>
<h3 itemprop="name">Isabel Kreitner</h3>
<p class="role" itemprop="jobTitle">Chief Design &amp; Manufacturing Officer</p>
<p class="bio" itemprop="description">Gestaltet die visuellen und räumlichen Dimensionen unserer Transformationsprozesse.</p>
</div>
</div>
<div class="tm reveal" itemscope="" itemtype="https://schema.org/Person">
<img alt="Lena Müller-Naendrup" class="tm-photo" decoding="async" height="56" itemprop="image" loading="lazy" sizes="auto, (max-width:720px) 100vw, 720px" src="team-lena-mueller-naendrup.jpg" srcset="team-lena-mueller-naendrup-768x512.jpg 768w, team-lena-mueller-naendrup-1024x683.jpg 1024w, team-lena-mueller-naendrup.jpg 1920w" width="56"/></p>
<div>
<h3 itemprop="name">Lena Müller-Naendrup</h3>
<p class="role" itemprop="jobTitle">Urban Ecosystems Architect</p>
<p class="bio" itemprop="description">Expertin für urbane Ökosysteme und die Gestaltung lebenswerter Städte und Räume.</p>
</div>
</div>
</div>
</div>
<div class="sec-inner reveal">
<p class="sec-label reveal">Standorte</p>
<h2 class="sec-title reveal" id="standorte-h">Zwei Standorte, ein <em>Ansatz</em></h2>
<div class="locations">
<div class="loc reveal" itemscope="" itemtype="https://schema.org/PostalAddress">
<img alt="Wien — Standort theLivingCore Österreich" class="loc-img" decoding="async" height="180" loading="lazy" sizes="auto, (max-width:720px) 100vw, 720px" src="Wien.jpg" srcset="Wien-768x512.jpg 768w, Wien-1024x683.jpg 1024w, Wien.jpg 1920w" width="600"/></p>
<div class="loc-body">
<h3>Österreich</h3>
<p><span itemprop="streetAddress">Lange Gasse 29</span><br /><span itemprop="postalCode">1080</span> <span itemprop="addressLocality">Wien</span></p>
</div>
</div>
<div class="loc reveal" itemscope="" itemtype="https://schema.org/PostalAddress">
<img alt="Springe — Standort theLivingCore Deutschland" class="loc-img" decoding="async" height="180" loading="lazy" sizes="auto, (max-width:720px) 100vw, 720px" src="Springe.jpg" srcset="Springe-768x512.jpg 768w, Springe-1024x683.jpg 1024w, Springe.jpg 1920w" width="600"/></p>
<div class="loc-body">
<h3>Deutschland</h3>
<p><span itemprop="streetAddress">Harmsmühlenstraße 77</span><br /><span itemprop="postalCode">31832</span> <span itemprop="addressLocality">Springe</span></p>
</div>
</div>
</div>
</div>
<p><heading>Bereit für Ihre Zukunft?</heading></p>
<p>Lassen Sie uns gemeinsam Ihre gewünschte Zukunft gestalten.</p>
<div class="cta-btns">
<a class="btn btn-white" href="mailto:welcome@thelivingcore.com">Gespräch vereinbaren</a><br />
<a class="btn btn-ghost-w" href="https://calendly.com/thelivingcore/introduction" rel="noopener" target="_blank">Termin buchen</a>
</div>

<p>Über uns Wir entwickeln lebendige und zukunftsfähige Organisationen Als Wissens- und Innovationsarchitekten steht für uns die Lebendigkeit von Organisationen und der Menschen, die in diesen arbeiten, im Vordergrund. Was uns antreibt Lebendigsein bedeutet sowohl für uns Menschen als auch für Organisationen „authentisch mitten im Leben&#8220; zu stehen und in unserer Umwelt sinnstiftend zu wirken. Orientierung, &#8230; <a title="Über uns — Wer wir sind" class="read-more" href="https://demo2.egm.at/www.thelivingcore-original.com/ueber-uns/" aria-label="Mehr Informationen über Über uns — Wer wir sind">Weiterlesen</a></p>
